{"id":660,"date":"2014-06-30T19:10:24","date_gmt":"2014-06-30T19:10:24","guid":{"rendered":"http:\/\/www.bevaerterhuset.dk\/?page_id=660"},"modified":"2014-06-30T19:10:24","modified_gmt":"2014-06-30T19:10:24","slug":"blegenkong-fabrik","status":"publish","type":"page","link":"https:\/\/www.bevaerterhuset.dk\/?page_id=660","title":{"rendered":"Blegen\/K\u00f8ng Fabrik"},"content":{"rendered":"<h2><\/h2>\n<h2>Vandm\u00f8llen ved Blegen<\/h2>\n<h5>Fra Hulemosen l\u00f8ber Hulemoseb\u00e6kken ud til Storstr\u00f8mmen. Engang l\u00e5 her 5 vandm\u00f8ller. Vandm\u00f8llerne malede korn til mel, valkede t\u00f8j (filtede v\u00e6vet uld), rev papirmasse og pressede olie af raps- og h\u00f8rfr\u00f8. Olien blev brugt til at lave s\u00e6be af.<\/h5>\n<p>K\u00f8ng Linnedfabrik lavede fint stof af h\u00f8r. N\u00e5r stoffet var v\u00e6vet skulle det vaskes, h\u00e6nges til t\u00f8rre og l\u00e6gges ud i solen til blegning, s\u00e5 det kunne blive n\u00e6sten helt hvidt.<\/p>\n<div id=\"attachment_674\" style=\"width: 310px\" class=\"wp-caption alignright\"><a href=\"http:\/\/www.bevaerterhuset.dk\/wp-content\/uploads\/2014\/06\/Vandhjul-Vintersb\u00f8lle-0011.jpg\"><img loading=\"lazy\" decoding=\"async\" aria-describedby=\"caption-attachment-674\" class=\"size-medium wp-image-674\" title=\"Vandhjul Vintersb\u00f8lle 001\" src=\"http:\/\/www.bevaerterhuset.dk\/wp-content\/uploads\/2014\/06\/Vandhjul-Vintersb\u00f8lle-0011-300x194.jpg\" alt=\"\" width=\"300\" height=\"194\" srcset=\"https:\/\/www.bevaerterhuset.dk\/wp-content\/uploads\/2014\/06\/Vandhjul-Vintersb\u00f8lle-0011-300x194.jpg 300w, https:\/\/www.bevaerterhuset.dk\/wp-content\/uploads\/2014\/06\/Vandhjul-Vintersb\u00f8lle-0011-1024x663.jpg 1024w, https:\/\/www.bevaerterhuset.dk\/wp-content\/uploads\/2014\/06\/Vandhjul-Vintersb\u00f8lle-0011.jpg 1876w\" sizes=\"auto, (max-width: 300px) 100vw, 300px\" \/><\/a><p id=\"caption-attachment-674\" class=\"wp-caption-text\">Vandhjulet p\u00e5 m\u00f8llen. Datering er uvis, men anses for at v\u00e6re mellem 1906-1924<\/p><\/div>\n<p>Ved Blegen i Vintersb\u00f8lleskoven byggede K\u00f8ng Linnedfabrik sidst i 1700-tallet en m\u00f8lled\u00e6mning og en vandm\u00f8lle, der skulle drive en vaskemaskine og en rullemaskine. Herefter blev stoffet lagt ud til blegning. Stoffet var v\u00e6vet p\u00e5 fabrikken i K\u00f8ng.<\/p>\n<p>I 1851 flyttede hele fabrikken fra K\u00f8ng til Blegen i Vintersb\u00f8lle. Der blev bygget mange huse til v\u00e6ve, garn, t\u00f8rrelader og rullestue. Der blev ogs\u00e5 bygget huse til dem, der arbejdede p\u00e5 fabrikken.<\/p>\n<p>Man kan se at af v\u00e6vernes huse, Bev\u00e6rterhuset, der er bevaret.<\/p>\n<p>Fabrikken lukkede i 1906.<\/p>\n<p>I 1924 blev alle bygninger fjernet. Der er lavet hul i m\u00f8lled\u00e6mningen og dammen er s\u00e5ledes t\u00f8mt for vand. Man kan stadig se resterne af m\u00f8llens fundament bag resterne af m\u00f8lled\u00e6mningen.<\/p>\n<p>L\u00e6s hele Per Ole Schovsbos artikel om <a href=\"http:\/\/www.bevaerterhuset.dk\/?page_id=649\">M\u00f8llerne i Vintersb\u00f8lle\/Nyr\u00e5d<\/a><\/p>\n<table border=\"0\" cellspacing=\"2\">\n<tbody>\n<tr>\n<td>\n<p><div id=\"attachment_680\" style=\"width: 310px\" class=\"wp-caption alignleft\"><a href=\"http:\/\/www.bevaerterhuset.dk\/wp-content\/uploads\/2014\/06\/Rybergs-blegeri-1830.jpg\"><img loading=\"lazy\" decoding=\"async\" aria-describedby=\"caption-attachment-680\" class=\"size-medium wp-image-680\" title=\"Rybergs Blegeri 1830\" src=\"http:\/\/www.bevaerterhuset.dk\/wp-content\/uploads\/2014\/06\/Rybergs-blegeri-1830-300x200.jpg\" alt=\"\" width=\"300\" height=\"200\" srcset=\"https:\/\/www.bevaerterhuset.dk\/wp-content\/uploads\/2014\/06\/Rybergs-blegeri-1830-300x200.jpg 300w, https:\/\/www.bevaerterhuset.dk\/wp-content\/uploads\/2014\/06\/Rybergs-blegeri-1830.jpg 981w\" sizes=\"auto, (max-width: 300px) 100vw, 300px\" \/><\/a><p id=\"caption-attachment-680\" class=\"wp-caption-text\">Tegning af Vintersb\u00f8lle Blegeri fra 1830&#39;erne<\/p><\/div><\/td>\n<td>&nbsp;<\/p>\n<p>&nbsp;<\/p>\n<p>P\u00e5 tegningen kan man se dammen. Til h\u00f8jre ses stigbordet, der bestemmer, hvor meget vand, der m\u00e5 l\u00f8be ud over m\u00f8llehjulet<\/p>\n<p>Huset man kan se er vaskehuset. L\u00e6g m\u00e6rke til, at der er skorsten p\u00e5 huset. Man har kogt det v\u00e6vede stof (linned), n\u00e5r det skulle bleges.<\/p>\n<p>P\u00e5 engen bag huset er der lagt linned ud til blegning.<\/td>\n<\/tr>\n<tr>\n<td>\n<p><div id=\"attachment_676\" style=\"width: 310px\" class=\"wp-caption alignleft\"><a href=\"http:\/\/www.bevaerterhuset.dk\/wp-content\/uploads\/2014\/06\/Blegeriet-fra-sydvest.jpg\"><img loading=\"lazy\" decoding=\"async\" aria-describedby=\"caption-attachment-676\" class=\"size-medium wp-image-676\" title=\"Blegeriet fra sydvest\" src=\"http:\/\/www.bevaerterhuset.dk\/wp-content\/uploads\/2014\/06\/Blegeriet-fra-sydvest-300x183.jpg\" alt=\"\" width=\"300\" height=\"183\" srcset=\"https:\/\/www.bevaerterhuset.dk\/wp-content\/uploads\/2014\/06\/Blegeriet-fra-sydvest-300x183.jpg 300w, https:\/\/www.bevaerterhuset.dk\/wp-content\/uploads\/2014\/06\/Blegeriet-fra-sydvest-1024x626.jpg 1024w, https:\/\/www.bevaerterhuset.dk\/wp-content\/uploads\/2014\/06\/Blegeriet-fra-sydvest.jpg 1248w\" sizes=\"auto, (max-width: 300px) 100vw, 300px\" \/><\/a><p id=\"caption-attachment-676\" class=\"wp-caption-text\">Blegeriet i Vintersb\u00f8lle set fra sydvest.<\/p><\/div><\/td>\n<td>&nbsp;<\/p>\n<p>&nbsp;<\/p>\n<p>Her ses Rybergs Blegeri fra syd-vest. Til venstre ses vaskehuset med skorten og m\u00f8llen med vandhjulet anes bag den fjerne gavl.<\/p>\n<p>P\u00e5 bakken ligger blegemesterens bolig, og ved gavlen ses en del af det m\u00e6gtige t\u00f8rrehus i to etager<\/td>\n<\/tr>\n<tr>\n<td>\n<p><div id=\"attachment_677\" style=\"width: 292px\" class=\"wp-caption alignleft\"><a href=\"http:\/\/www.bevaerterhuset.dk\/wp-content\/uploads\/2014\/06\/Blegeriet-skydebroderskive.jpg\"><img loading=\"lazy\" decoding=\"async\" aria-describedby=\"caption-attachment-677\" class=\"size-medium wp-image-677\" title=\"Blegeriet skydebroderskive\" src=\"http:\/\/www.bevaerterhuset.dk\/wp-content\/uploads\/2014\/06\/Blegeriet-skydebroderskive-282x300.jpg\" alt=\"\" width=\"282\" height=\"300\" srcset=\"https:\/\/www.bevaerterhuset.dk\/wp-content\/uploads\/2014\/06\/Blegeriet-skydebroderskive-282x300.jpg 282w, https:\/\/www.bevaerterhuset.dk\/wp-content\/uploads\/2014\/06\/Blegeriet-skydebroderskive-963x1024.jpg 963w, https:\/\/www.bevaerterhuset.dk\/wp-content\/uploads\/2014\/06\/Blegeriet-skydebroderskive.jpg 1377w\" sizes=\"auto, (max-width: 282px) 100vw, 282px\" \/><\/a><p id=\"caption-attachment-677\" class=\"wp-caption-text\">K\u00f8ng Fabrik 1875 (Christian Olsens skydebroderskive)<\/p><\/div><\/td>\n<td>&nbsp;<\/p>\n<p>&nbsp;<\/p>\n<p>K\u00f8ng Fabrik 1875<\/p>\n<p>Foran ses linned lagt til blegning.<\/p>\n<p>Tr\u00e6husene i venstre side er t\u00f8rrehuse.<\/p>\n<p>I midten ses m\u00f8lle og vaskehuset med en h\u00f8j skorsten<\/p>\n<p>Bagest i det r\u00f8de hus boede blegemesteren og senere direkt\u00f8r Sandberg.<\/p>\n<p>De hvide huse er v\u00e6rksteder. Bag gavlen anes et lille hvidt hus. Det er det eneste hus, der er tilbage af hele fabriksanl\u00e6gget.<\/td>\n<\/tr>\n<tr>\n<td>\n<p><div id=\"attachment_675\" style=\"width: 310px\" class=\"wp-caption alignleft\"><a href=\"http:\/\/www.bevaerterhuset.dk\/wp-content\/uploads\/2014\/06\/blegen-1924.jpg\"><img loading=\"lazy\" decoding=\"async\" aria-describedby=\"caption-attachment-675\" class=\"size-medium wp-image-675\" title=\"Blegen 1924\" src=\"http:\/\/www.bevaerterhuset.dk\/wp-content\/uploads\/2014\/06\/blegen-1924-300x222.jpg\" alt=\"\" width=\"300\" height=\"222\" srcset=\"https:\/\/www.bevaerterhuset.dk\/wp-content\/uploads\/2014\/06\/blegen-1924-300x222.jpg 300w, https:\/\/www.bevaerterhuset.dk\/wp-content\/uploads\/2014\/06\/blegen-1924-1024x758.jpg 1024w, https:\/\/www.bevaerterhuset.dk\/wp-content\/uploads\/2014\/06\/blegen-1924.jpg 1122w\" sizes=\"auto, (max-width: 300px) 100vw, 300px\" \/><\/a><p id=\"caption-attachment-675\" class=\"wp-caption-text\">Foto af vandm\u00f8llen ved Blegen f\u00f8r 1924<\/p><\/div><\/td>\n<td>&nbsp;<\/p>\n<p>&nbsp;<\/p>\n<p>Et af de sidste billeder af bygningerne p\u00e5 Blegen.<\/p>\n<p>Til venstre ses m\u00f8lled\u00e6mningen med et r\u00e6kv\u00e6rk, vandhjulet og m\u00f8llen med det sk\u00e6ve tag.<\/p>\n<p>Mange af husene var revet ned. De sidste i 1924<\/td>\n<\/tr>\n<tr>\n<td>\n<p><div id=\"attachment_678\" style=\"width: 310px\" class=\"wp-caption alignright\"><a href=\"http:\/\/www.bevaerterhuset.dk\/wp-content\/uploads\/2014\/06\/matrikelkort-1805.jpg\"><img loading=\"lazy\" decoding=\"async\" aria-describedby=\"caption-attachment-678\" class=\"size-medium wp-image-678\" title=\"matrikelkort 1805\" src=\"http:\/\/www.bevaerterhuset.dk\/wp-content\/uploads\/2014\/06\/matrikelkort-1805-300x199.jpg\" alt=\"\" width=\"300\" height=\"199\" srcset=\"https:\/\/www.bevaerterhuset.dk\/wp-content\/uploads\/2014\/06\/matrikelkort-1805-300x199.jpg 300w, https:\/\/www.bevaerterhuset.dk\/wp-content\/uploads\/2014\/06\/matrikelkort-1805-1024x680.jpg 1024w, https:\/\/www.bevaerterhuset.dk\/wp-content\/uploads\/2014\/06\/matrikelkort-1805.jpg 1039w\" sizes=\"auto, (max-width: 300px) 100vw, 300px\" \/><\/a><p id=\"caption-attachment-678\" class=\"wp-caption-text\">Skitse over blegeriets huse og m\u00f8lledammen 1795-1825<\/p><\/div><\/td>\n<td><span style=\"line-height: 19px;\">Skitse over Blegeriets huse og bygninger<\/span><\/p>\n<p>1. Blegemesterens hus<\/p>\n<p>2. Det gamle t\u00f8rrehus i to etager<\/p>\n<p>3. Vaksehuset<\/p>\n<p>4. M\u00f8llebygning fra ca. 1830<\/td>\n<\/tr>\n<tr>\n<td>\n<p><div id=\"attachment_679\" style=\"width: 310px\" class=\"wp-caption alignright\"><a href=\"http:\/\/www.bevaerterhuset.dk\/wp-content\/uploads\/2014\/06\/Matrikelkort-1851.jpg\"><img loading=\"lazy\" decoding=\"async\" aria-describedby=\"caption-attachment-679\" class=\"size-medium wp-image-679\" title=\"Matrikelkort 1851\" src=\"http:\/\/www.bevaerterhuset.dk\/wp-content\/uploads\/2014\/06\/Matrikelkort-1851-300x210.jpg\" alt=\"\" width=\"300\" height=\"210\" srcset=\"https:\/\/www.bevaerterhuset.dk\/wp-content\/uploads\/2014\/06\/Matrikelkort-1851-300x210.jpg 300w, https:\/\/www.bevaerterhuset.dk\/wp-content\/uploads\/2014\/06\/Matrikelkort-1851-1024x719.jpg 1024w, https:\/\/www.bevaerterhuset.dk\/wp-content\/uploads\/2014\/06\/Matrikelkort-1851.jpg 1039w\" sizes=\"auto, (max-width: 300px) 100vw, 300px\" \/><\/a><p id=\"caption-attachment-679\" class=\"wp-caption-text\">Oversigt over en del af Blegens bygninger efter flytning af fabrikken fra K\u00f8ng<\/p><\/div><\/td>\n<td>&nbsp;<\/p>\n<p><span style=\"line-height: 19px;\">Skitse over Blegens bygninger efter at K\u00f8ng Fabrik havde flyttet hele produktionen til Vintersb\u00f8lle Skov.<\/span><\/p>\n<p>1. Blegemesterens hus<\/p>\n<p>3-4. Vandm\u00f8lle og vaskehus<\/p>\n<p>5. Det gamle t\u00f8rrehus \u00e6ndredes til v\u00e6vev\u00e6rksted<\/p>\n<p>8. Det r\u00f8de hus, hvor direkt\u00f8r Sandberg boede<\/p>\n<p>9. V\u00e6rksted<\/p>\n<p>10. T\u00f8rrelade, der s\u00e5 ud som et t\u00e5rn<\/p>\n<p>11 (16). Stald og v\u00e6rksted<\/p>\n<p>13. Ny t\u00f8rrelade<\/p>\n<p>14. Rullehus fra 1880<\/p>\n<p>15. Familien Apels hus &#8211; Bev\u00e6rterhuset<\/p>\n<p>17. Veranda (og spisesal), da blegemesterens gamle hus blev indrettet til sommerpensionat (1891)<\/td>\n<\/tr>\n<\/tbody>\n<\/table>\n","protected":false},"excerpt":{"rendered":"<p>Vandm\u00f8llen ved Blegen Fra Hulemosen l\u00f8ber Hulemoseb\u00e6kken ud til Storstr\u00f8mmen. Engang l\u00e5 her 5 vandm\u00f8ller. Vandm\u00f8llerne malede korn til mel, valkede t\u00f8j (filtede v\u00e6vet uld), rev papirmasse og pressede olie af raps- og h\u00f8rfr\u00f8. Olien [&hellip;]<\/p>\n","protected":false},"author":2,"featured_media":0,"parent":635,"menu_order":50,"comment_status":"open","ping_status":"open","template":"","meta":{"footnotes":""},"class_list":["post-660","page","type-page","status-publish","hentry"],"_links":{"self":[{"href":"https:\/\/www.bevaerterhuset.dk\/index.php?rest_route=\/wp\/v2\/pages\/660","targetHints":{"allow":["GET"]}}],"collection":[{"href":"https:\/\/www.bevaerterhuset.dk\/index.php?rest_route=\/wp\/v2\/pages"}],"about":[{"href":"https:\/\/www.bevaerterhuset.dk\/index.php?rest_route=\/wp\/v2\/types\/page"}],"author":[{"embeddable":true,"href":"https:\/\/www.bevaerterhuset.dk\/index.php?rest_route=\/wp\/v2\/users\/2"}],"replies":[{"embeddable":true,"href":"https:\/\/www.bevaerterhuset.dk\/index.php?rest_route=%2Fwp%2Fv2%2Fcomments&post=660"}],"version-history":[{"count":18,"href":"https:\/\/www.bevaerterhuset.dk\/index.php?rest_route=\/wp\/v2\/pages\/660\/revisions"}],"predecessor-version":[{"id":691,"href":"https:\/\/www.bevaerterhuset.dk\/index.php?rest_route=\/wp\/v2\/pages\/660\/revisions\/691"}],"up":[{"embeddable":true,"href":"https:\/\/www.bevaerterhuset.dk\/index.php?rest_route=\/wp\/v2\/pages\/635"}],"wp:attachment":[{"href":"https:\/\/www.bevaerterhuset.dk\/index.php?rest_route=%2Fwp%2Fv2%2Fmedia&parent=660"}],"curies":[{"name":"wp","href":"https:\/\/api.w.org\/{rel}","templated":true}]}}